{"id":168,"date":"2018-02-10T07:32:49","date_gmt":"2018-02-10T07:32:49","guid":{"rendered":"http:\/\/cms.pferdeosteopathie-martin.ch\/?page_id=168"},"modified":"2025-10-17T16:10:11","modified_gmt":"2025-10-17T16:10:11","slug":"indikationen","status":"publish","type":"page","link":"https:\/\/www.pferdeosteopathie-martin.ch\/?page_id=168","title":{"rendered":"Indikationen"},"content":{"rendered":"<p>Vorweg ist zu nehmen, dass die pferdeosteopathische Behandlung v.a. nach Verletzungen, Unf\u00e4llen und bei Lahmheiten in Erg\u00e4nzung, in \u00dcbereinkunft und in Zusammenarbeit mit dem behandelnden Tierarzt stattfinden soll. Ebenso ist die Zusammenarbeit und Absprache mit dem Besitzer des Pferdes, Pferdezahnarzt, Hufschmieden\/-pfleger, Sattler, Trainern, Hom\u00f6opathen, Akupunkteuren (u.\u00e4.) ein wichtiger Bestandteil f\u00fcr das Gesundheitsmanagement des Pferdes.<\/p>\n<p>Pferdeosteopathie kann angezeigt sein bei:<\/p>\n<ul>\n<li>Verhaltensauff\u00e4lligkeiten beim Putzen, Satteln, Hufe aufgeben, etc.<\/li>\n<li>andauernder Steifheit und Widersetzlichkeit gegen\u00fcber Reiterhilfen<\/li>\n<li>unterschiedlichen Formen der Lahmheit<\/li>\n<li>einseitiger Kopf-, Hals- oder Schweifhaltung (in Ruhe und\/oder bei der Arbeit)<\/li>\n<li>Komplikationen beim Abfohlen<\/li>\n<li>nach Sturzereignissen und Unf\u00e4llen (auch bei nicht sichtbaren strukturellen Ver\u00e4nderungen)<\/li>\n<li>allgemeinen Leistungstiefs<\/li>\n<li>Taktfehlern in den verschiedenen Gangarten<\/li>\n<li>anderweitigen Schmerzanzeichen<\/li>\n<\/ul>\n<p><strong>Wichtig:<\/strong> Frische Bewegungseinschr\u00e4nkungen sind leichter zu behandeln als alte\/chronische. Sehr h\u00e4ufig liegen den Gelenksblockierungen eine myofasziale Dysfunktion zugrunde. Ich erlebe es h\u00e4ufig, dass die &#171;modernen&#187; Pferde \u00fcber eine prim\u00e4re \u00dcberbeweglichkeit im gesamten K\u00f6rper verf\u00fcgen und diese Beweglichkeit mangelhaft dynamisch stabilisieren k\u00f6nnen und somit in kompensatorische Bewegungsmuster geraten. D.h. K\u00f6rperabschnitte, welche schlecht durch die Tiefen-Muskulatur stabilisiert werden, sind anf\u00e4llig f\u00fcr Blockierungen. Die Beweger-Muskeln verkrampfen sich, werden steif und es entstehen Schmerzzust\u00e4nde in den Muskeln und Faszien. Bleibt dieser Zustand \u00fcber einen l\u00e4ngeren Zeitraum, bilden sich in diesen K\u00f6rperzonen h\u00e4ufig arthrotische Ver\u00e4nderungen in den Gelenken. Diese Schmerzzust\u00e4nde f\u00fchren wiederum zu Schonhaltungen und zu kompensatorischen Bewegungsmustern.&nbsp;<\/p>\n<p><strong>Kontraindikationen: <\/strong>Bitte beachten Sie, dass keine osteopathische Behandlung erfolgen sollte bei akuten Infekten, Tumoren und Frakturen. Nach Impfungen sollte fr\u00fchestens nach einer Woche behandelt werden.<\/p>\n<p><strong>Empfehlungen nach der Behandlung: <\/strong>Nach erfolgter osteopathischer Behandlung sollte sich Ihr Pferd mindestens drei Tage ohne Reitergewicht bewegen k\u00f6nnen und direkt mit den neu erlernten Bewegungsabl\u00e4ufen vertraut gemacht werden. H\u00e4ufig braucht der Organismus Ihres Pferdes ca. drei Wochen Zeit f\u00fcr die Reorganisation und zur Festigung der Bewegungsabl\u00e4ufe. Behandlungen sollten aus diesem Grund idealerweise nicht kurz vor Turnieren und \u00c4hnlichem stattfinden.<\/p>\n","protected":false},"excerpt":{"rendered":"<p>Vorweg ist zu nehmen, dass die pferdeosteopathische Behandlung v.a. nach Verletzungen, Unf\u00e4llen und bei Lahmheiten in Erg\u00e4nzung, in \u00dcbereinkunft und in Zusammenarbeit mit dem behandelnden Tierarzt stattfinden soll. Ebenso ist die Zusammenarbeit und Absprache mit dem Besitzer des Pferdes, Pferdezahnarzt, Hufschmieden\/-pfleger, Sattler, Trainern, Hom\u00f6opathen, Akupunkteuren (u.\u00e4.) ein wichtiger Bestandteil f\u00fcr das Gesundheitsmanagement des Pferdes. Pferdeosteopathie <a class=\"more-link\" href=\"https:\/\/www.pferdeosteopathie-martin.ch\/?page_id=168\">Continue reading <i class=\"fa fa-chevron-right\"><\/i><\/a><\/p>\n","protected":false},"author":1,"featured_media":0,"parent":78,"menu_order":0,"comment_status":"closed","ping_status":"closed","template":"","meta":{"ngg_post_thumbnail":0,"footnotes":""},"class_list":["post-168","page","type-page","status-publish","hentry"],"_links":{"self":[{"href":"https:\/\/www.pferdeosteopathie-martin.ch\/index.php?rest_route=\/wp\/v2\/pages\/168","targetHints":{"allow":["GET"]}}],"collection":[{"href":"https:\/\/www.pferdeosteopathie-martin.ch\/index.php?rest_route=\/wp\/v2\/pages"}],"about":[{"href":"https:\/\/www.pferdeosteopathie-martin.ch\/index.php?rest_route=\/wp\/v2\/types\/page"}],"author":[{"embeddable":true,"href":"https:\/\/www.pferdeosteopathie-martin.ch\/index.php?rest_route=\/wp\/v2\/users\/1"}],"replies":[{"embeddable":true,"href":"https:\/\/www.pferdeosteopathie-martin.ch\/index.php?rest_route=%2Fwp%2Fv2%2Fcomments&post=168"}],"version-history":[{"count":12,"href":"https:\/\/www.pferdeosteopathie-martin.ch\/index.php?rest_route=\/wp\/v2\/pages\/168\/revisions"}],"predecessor-version":[{"id":454,"href":"https:\/\/www.pferdeosteopathie-martin.ch\/index.php?rest_route=\/wp\/v2\/pages\/168\/revisions\/454"}],"up":[{"embeddable":true,"href":"https:\/\/www.pferdeosteopathie-martin.ch\/index.php?rest_route=\/wp\/v2\/pages\/78"}],"wp:attachment":[{"href":"https:\/\/www.pferdeosteopathie-martin.ch\/index.php?rest_route=%2Fwp%2Fv2%2Fmedia&parent=168"}],"curies":[{"name":"wp","href":"https:\/\/api.w.org\/{rel}","templated":true}]}}