{"id":2,"date":"2018-01-09T16:49:42","date_gmt":"2018-01-09T16:49:42","guid":{"rendered":"http:\/\/cms.pferdeosteopathie-martin.ch\/.\/?page_id=2"},"modified":"2025-10-12T10:31:50","modified_gmt":"2025-10-12T10:31:50","slug":"sample-page","status":"publish","type":"page","link":"https:\/\/www.pferdeosteopathie-martin.ch\/","title":{"rendered":"Home"},"content":{"rendered":"<h2 style=\"text-align: center;\"><strong>Bewegungsfreude pflegen&#8230;<\/strong><\/h2>\nngg_shortcode_0_placeholder\n<h2>\u2026 denn das ist das h\u00f6chste und wichtigste Gut und Ausdruck f\u00fcr Gesundheit.<\/h2>\n<p>Die Bewegungsfreude und Lernbereitschaft, die ein Pferd von Natur aus mitbringt, m\u00f6chten wir in der Zusammenarbeit nutzen, f\u00f6rdern und unterhalten. Physische und psychische Belastungsfaktoren, Verletzungen sowie Unf\u00e4lle k\u00f6nnen Blockierungen und Schmerzzust\u00e4nde am Bewegungsapparat hervorrufen. Dies f\u00fchrt im weiteren Verlauf zu kompensatorischen Bewegungsmustern, welche l\u00e4ngerfristig die Spannungsverh\u00e4ltnisse im Muskel-Faszien-Apparat des Pferdek\u00f6rpers ver\u00e4ndern hin zur myofaszialen Dysfunktion. Diese \u00e4ussert sich h\u00e4ufig in Verhaltensauff\u00e4lligkeiten im allt\u00e4glichen Umgang mit dem Pferd (Putzen, Satteln, Gurten, Hufe geben, etc.) sowie im Training. Bleibt dieser dysfunktionale Zustand \u00fcber l\u00e4ngere Zeit bestehen &#171;benutzt&#187; das Pferd seinen K\u00f6rper im falschen Bewegungsmuster. Der Verschleiss im K\u00f6rper nimmt zu und zeichnet sich v.a. an den Gelenken und den umliegenden Strukturen ab (Gelenksarthrosen, Fesseltr\u00e4gerschaden, Sehnenscheidenentz\u00fcndungen, usw.). Die Schmerzspirale verst\u00e4rkt sich und das Pferd findet alleine nicht mehr aus den Schon- und Schutzmustern raus.<\/p>\n<p>In einer pferdeosteopathischen Behandlung sollen Bewegungseinschr\u00e4nkungen und Gelenkblockierungen diagnostiziert und mittels manueller Techniken gel\u00f6st werden, um die Selbstheilungsprozesse des Organismus anzukurbeln. Da dies alleine h\u00e4ufig nicht ausreicht, um die nat\u00fcrlichen Bewegungsabl\u00e4ufe wiederherzustellen, ist eine direkt an die Behandlung anschliessende Trainingstherapie nach biotensegralem Prizip sehr ratsam. Das Pferd lernt, die positiven, nat\u00fcrlichen Bewegungsmuster wieder anzusteuern und zu festigen und die kompensatorisch aufgebauten Verspannungen loszulassen. In Zusammenarbeit mit dem Pferdebesitzer\/der Pferdebesitzerin verhilft die regelm\u00e4ssige Trainingstherapie dem Pferdek\u00f6rper wieder vollumf\u00e4nglich in Funktion zu kommen. Fr\u00fchzeitigem und \u00fcberm\u00e4ssigem Verschleiss wird so massgeblich vorgebeugt.&nbsp;<\/p>\n<p>Mein Ziel dieses ganzheitlichen Behandlungsansatzes ist es, die Bewegungsfreude und Leistungsbereitschaft des Pferdes wiederzuerlangen und die Freude im allt\u00e4glichen Umgang mit Ihrem Pferd langfristig zu erhalten.<\/p>\n","protected":false},"excerpt":{"rendered":"<p>Bewegungsfreude pflegen&#8230; &#187; order_by=&#187;sortorder&#187; order_direction=&#187;ASC&#187; returns=&#187;included&#187; maximum_entity_count=&#187;500&#8243;] \u2026 denn das ist das h\u00f6chste und wichtigste Gut und Ausdruck f\u00fcr Gesundheit. Die Bewegungsfreude und Lernbereitschaft, die ein Pferd von Natur aus mitbringt, m\u00f6chten wir in der Zusammenarbeit nutzen, f\u00f6rdern und unterhalten. Physische und psychische Belastungsfaktoren, Verletzungen sowie Unf\u00e4lle k\u00f6nnen Blockierungen und Schmerzzust\u00e4nde am Bewegungsapparat hervorrufen. Dies <a class=\"more-link\" href=\"https:\/\/www.pferdeosteopathie-martin.ch\/\">Continue reading <i class=\"fa fa-chevron-right\"><\/i><\/a><\/p>\n","protected":false},"author":1,"featured_media":0,"parent":0,"menu_order":0,"comment_status":"closed","ping_status":"closed","template":"","meta":{"ngg_post_thumbnail":0,"footnotes":""},"class_list":["post-2","page","type-page","status-publish","hentry"],"_links":{"self":[{"href":"https:\/\/www.pferdeosteopathie-martin.ch\/index.php?rest_route=\/wp\/v2\/pages\/2","targetHints":{"allow":["GET"]}}],"collection":[{"href":"https:\/\/www.pferdeosteopathie-martin.ch\/index.php?rest_route=\/wp\/v2\/pages"}],"about":[{"href":"https:\/\/www.pferdeosteopathie-martin.ch\/index.php?rest_route=\/wp\/v2\/types\/page"}],"author":[{"embeddable":true,"href":"https:\/\/www.pferdeosteopathie-martin.ch\/index.php?rest_route=\/wp\/v2\/users\/1"}],"replies":[{"embeddable":true,"href":"https:\/\/www.pferdeosteopathie-martin.ch\/index.php?rest_route=%2Fwp%2Fv2%2Fcomments&post=2"}],"version-history":[{"count":23,"href":"https:\/\/www.pferdeosteopathie-martin.ch\/index.php?rest_route=\/wp\/v2\/pages\/2\/revisions"}],"predecessor-version":[{"id":448,"href":"https:\/\/www.pferdeosteopathie-martin.ch\/index.php?rest_route=\/wp\/v2\/pages\/2\/revisions\/448"}],"wp:attachment":[{"href":"https:\/\/www.pferdeosteopathie-martin.ch\/index.php?rest_route=%2Fwp%2Fv2%2Fmedia&parent=2"}],"curies":[{"name":"wp","href":"https:\/\/api.w.org\/{rel}","templated":true}]}}